mposite?
False
Is 5338105 a composite number?
True
Is 19304671 a composite number?
False
Is 2030467 prime?
True
Is 1671097 a composite number?
False
Is 363893 a prime number?
False
Is 3140323 a prime number?
False
Is 150667201 composite?
True
Is 153424603 prime?
False
Is 27742537 composite?
True
Is 576151 prime?
True
Is 692569 a prime number?
False
Is 4813433 a prime number?
True
Is 77633741 composite?
True
Is 267913991 a composite number?
True
Is 108227901 a composite number?
True
Is 14852647 a prime number?
True
Is 15990283 composite?
True
Is 12452719 a composite number?
False
Is 6915967 a prime number?
True
Is 4564481 composite?
True
Is 7530377 a prime number?
True
Is 160065419 a composite number?
False
Is 263450939 a prime number?
True
Is 833473213 prime?
False
Is 14002214 a prime number?
False
Is 3661051 a prime number?
False
Is 3357154 prime?
False
Is 1098578645 composite?
True
Is 38182291 composite?
True
Is 39013285 composite?
True
Is 70270667 composite?
False
Is 978002 a prime number?
False
Is 704093597 prime?
True
Is 31261931 a prime number?
False
Is 14637419 composite?
False
Is 22922621 composite?
True
Is 34610179 prime?
False
Is 218801 a prime number?
False
Is 9467877 a composite number?
True
Is 84251411 a composite number?
False
Is 10428193 composite?
False
Is 660666527 a prime number?
True
Is 7829351 composite?
False
Is 37670387 a composite number?
True
Is 24143051 a composite number?
True
Is 1053187057 a prime number?
False
Is 369593177 a prime number?
True
Is 22673569 a prime number?
True
Is 2375185 a prime number?
False
Is 34154009 composite?
False
Is 50984077 composite?
True
Is 364001839 a prime number?
True
Is 128047319 a composite number?
False
Is 7275353 a composite number?
False
Is 29739643 a composite number?
False
Is 1043971 prime?
False
Is 69653 composite?
False
Is 1325761 prime?
True
Is 118785857 prime?
True
Is 36510097 a composite number?
True
Is 109495437 a prime number?
False
Is 89648945 composite?
True
Is 548167427 prime?
True
Is 1092541 a prime number?
True
Is 74111893 composite?
True
Is 92116477 prime?
True
Is 6167751 a composite number?
True
Is 16398491 prime?
True
Is 86971 a prime number?
False
Is 76120069 a composite number?
False
Is 2177867 a prime number?
False
Is 133708879 a composite number?
True
Is 205941577 composite?
True
Is 1744697 prime?
True
Is 28783357 a prime number?
True
Is 176839301 composite?
False
Is 28157282 prime?
False
Is 30969317 a composite number?
True
Is 33614069 a prime number?
True
Is 3654319 a prime number?
False
Is 5567767 prime?
False
Is 115810291 composite?
False
Is 11598878 a prime number?
False
Is 310296509 a composite number?
False
Is 7361051 a composite number?
True
Is 73887881 composite?
False
Is 30758963 composite?
True
Is 466997 a prime number?
True
Is 5345213 prime?
False
Is 4108289 prime?
False
Is 6752369 composite?
True
Is 128339741 composite?
False
Is 218463701 a composite number?
False
Is 96865 prime?
False
Is 2721101 prime?
False
Is 12833699 a prime number?
True
Is 36718321 prime?
False
Is 134350357 composite?
True
Is 1175103035 composite?
True
Is 23478997 composite?
True
Is 1506223 prime?
True
Is 4577399 composite?
True
Is 260844247 a prime number?
False
Is 106427857 a composite number?
False
Is 1551229 prime?
True
Is 83864377 composite?
False
Is 19267683 a prime number?
False
Is 4333226 composite?
True
Is 21528965 a prime number?
False
Is 21022121 composite?
True
Is 4331729 a composite number?
True
Is 12754219 composite?
False
Is 1265813 prime?
True
Is 196743643 prime?
True
Is 106755899 composite?
False
Is 556999 a prime number?
True
Is 7615277 a prime number?
False
Is 45695695 a composite number?
True
Is 192341 a composite number?
False
Is 3988417 a prime number?
False
Is 6095633 a prime number?
False
Is 5151763 a composite number?
True
Is 26670589 a prime number?
False
Is 506377787 composite?
True
Is 21135613 composite?
False
Is 19670203 a composite number?
True
Is 17603093 a composite number?
False
Is 11099609 a composite number?
False
Is 1736587 a composite number?
True
Is 283670887 a prime number?
True
Is 10217201 a composite number?
False
Is 130727189 a prime number?
True
Is 489917957 composite?
False
Is 367597 composite?
False
Is 661471 composite?
True
Is 37204467 a composite number?
True
Is 7192177 composite?
True
Is 13297993 prime?
False
Is 251813311 a prime number?
True
Is 4939201 a prime number?
False
Is 272291 prime?
False
Is 37098599 a prime number?
False
Is 19651553 a prime number?
False
Is 247967359 prime?
False
Is 90421867 prime?
True
Is 56804417 a composite number?
True
Is 599104801 a composite number?
False
Is 71972042 prime?
False
Is 10086371 prime?
False
Is 9882499 composite?
True
Is 188918585 prime?
False
Is 6740603 a composite number?
True
Is 48045817 composite?
False
Is 233549 composite?
False
Is 14521517 composite?
True
Is 96487039 prime?
False
Is 173459983 prime?
False
Is 168131039 a prime number?
False
Is 19239973 a prime number?
False
Is 552591751 composite?
False
Is 594229661 prime?
False
Is 234577621 prime?
False
Is 8674087 prime?
True
Is 2087903 composite?
False
Is 35986789 composite?
True
Is 59969123 a composite number?
False
Is 31707283 a composite number?
False
Is 22615633 composite?
True
Is 989777 prime?
True
Is 19115597 prime?
True
Is 64259581 a prime number?
True
Is 14254217 a composite number?
False
Is 1342241 prime?
True
Is 8430251 prime?
True
Is 13452107 a composite number?
True
Is 8302117 a composite number?
True
Is 2643371 composite?
True
Is 3214339 a prime number?
False
Is 907831 a prime number?
True
Is 863479 a prime number?
True
Is 45599 a composite number?
False
Is 33058439 a prime number?
True
Is 161896289 prime?
True
Is 7509679 a composite number?
False
Is 152807143 a composite number?
True
Is 7083501 a composite number?
True
Is 59604551 composite?
False
Is 64843741 a prime number?
True
Is 191665297 composite?
True
Is 292141991 a prime number?
False
Is 137541043 composite?
True
Is 60891427 composite?
False
Is 23342251 a prime number?
True
Is 5787139 a composite number?
True
Is 5660177 a prime number?
True
Is 28878517 a composite number?
False
Is 59205779 a composite number?
False
Is 11464735 composite?
True
Is 1035701677 prime?
True
Is 41222731 prime?
False
Is 1160111 composite?
False
Is 30791399 a prime number?
True
Is 8581457 a prime number?
True
Is 4524713 a prime number?
True
Is 354203951 prime?
True
Is 3817227 a prime number?
False
Is 16597853 a prime number?
True
Is 226382003 a composite number?
False
Is 13057631 prime?
False
Is 2864647 composite?
False
Is 6294463 a composite number?
True
Is 1352993 prime?
True
Is 3371495 a prime number?
False
Is 13610417 a composite number?
False
Is 4201523 a composite number?
True
Is 4496659 a composite number?
True
Is 126992335 prime?
False
Is 9091699 composite?
True
Is 25890037 a composite number?
True
Is 4901947 a prime number?
True
Is 2192821 composite?
False
Is 38102903 a prime number?
True
Is 187267 prime?
False
Is 36044531 composite?
True
Is 887111623 composite?
False
Is 165723949 prime?
True
Is 16018127 a composite number?
False
Is 56873537 a composite number?
True
Is 2280889 a prime number?
False
Is 41985869 prime?
False
Is 21053 prime?
False
Is 31130737 prime?
False
Is 47285817 prime?
False
Is 200942453 prime?
True
Is 1483865 a prime number?
False
Is 8163951 a composite number?
True
Is 103187 composite?
True
Is 216272777 prime?
False
Is 230551 prime?
True
Is 217084591 a composite number?
True
Is 384232451 composite?
False
Is 210038019 a prime number?
False
Is 9898199 composite?
True
Is 407401 a composite number?
False
Is 12859381 a composite number?
False
Is 701021 composite?
True
Is 30289169 composite?
False
Is 3678169 a composite number?
True
Is 1404899 a composite number?
False
Is 285316609 composite?
True
Is 1556837 a composite number?
False
Is 14633869 a composite number?
True
Is 9325831 composite?
True
Is 1561801 a composite number?
False
Is 62801 prime?
True
Is 1272666817 a prime number?
True
Is 3358723 prime?
True
Is 7345909 prime?
True
Is 25547407 prime?
True
Is 235893041 a composite number?
False
Is 67113901 prime?
True
Is 1154085761 a prime number?
True
Is 16308493 a composite number?
False
Is 4232309 prime?
True
Is 185051 prime?
True
Is 73684181 a prime